{"id":166403,"date":"2026-02-03T11:52:47","date_gmt":"2026-02-03T11:52:47","guid":{"rendered":"https:\/\/dirtywebsite.fi\/totte\/?page_id=166403"},"modified":"2026-02-09T10:52:05","modified_gmt":"2026-02-09T10:52:05","slug":"masterointi","status":"publish","type":"page","link":"https:\/\/dirtywebsite.fi\/totte\/masterointi\/","title":{"rendered":"Masterointi"},"content":{"rendered":"<div class=\"wpb-content-wrapper\"><p>[vc_row unlock_row_content=&#8221;yes&#8221; row_height_percent=&#8221;100&#8243; override_padding=&#8221;yes&#8221; h_padding=&#8221;3&#8243; top_padding=&#8221;2&#8243; bottom_padding=&#8221;0&#8243; overlay_alpha=&#8221;50&#8243; gutter_size=&#8221;3&#8243; column_width_percent=&#8221;100&#8243; shift_y=&#8221;0&#8243; z_index=&#8221;0&#8243; bottom_divider=&#8221;step&#8221; content_parallax=&#8221;0&#8243; animation_bottom_space=&#8221;0&#8243; uncode_shortcode_id=&#8221;203345&#8243;][vc_column column_width_percent=&#8221;100&#8243; position_vertical=&#8221;middle&#8221; align_horizontal=&#8221;align_center&#8221; gutter_size=&#8221;6&#8243; style=&#8221;dark&#8221; overlay_alpha=&#8221;50&#8243; shift_x=&#8221;0&#8243; shift_y=&#8221;0&#8243; shift_y_down=&#8221;0&#8243; z_index=&#8221;0&#8243; medium_width=&#8221;0&#8243; mobile_width=&#8221;0&#8243; css_animation=&#8221;bottom-t-top&#8221; animation_speed=&#8221;1200&#8243; animation_delay=&#8221;400&#8243; width=&#8221;1\/1&#8243; uncode_shortcode_id=&#8221;814078&#8243;][vc_row_inner row_inner_height_percent=&#8221;0&#8243; overlay_alpha=&#8221;50&#8243; gutter_size=&#8221;3&#8243; shift_y=&#8221;0&#8243; z_index=&#8221;1&#8243; uncode_shortcode_id=&#8221;506338&#8243; limit_content=&#8221;&#8221;][vc_column_inner column_width_percent=&#8221;100&#8243; gutter_size=&#8221;0&#8243; overlay_alpha=&#8221;50&#8243; shift_x=&#8221;0&#8243; shift_y=&#8221;0&#8243; shift_y_down=&#8221;0&#8243; z_index=&#8221;0&#8243; medium_width=&#8221;0&#8243; mobile_width=&#8221;0&#8243; width=&#8221;1\/1&#8243; uncode_shortcode_id=&#8221;113758&#8243;][vc_single_image media=&#8221;166489&#8243; media_width_percent=&#8221;100&#8243; alignment=&#8221;center&#8221; shape=&#8221;img-round&#8221; radius=&#8221;xl&#8221; advanced_videos=&#8221;yes&#8221; mobile_videos=&#8221;autoplay&#8221; custom_cursor=&#8221;diff&#8221; uncode_shortcode_id=&#8221;147354&#8243;][\/vc_column_inner][\/vc_row_inner][\/vc_column][\/vc_row][vc_row unlock_row_content=&#8221;yes&#8221; row_height_percent=&#8221;0&#8243; override_padding=&#8221;yes&#8221; h_padding=&#8221;4&#8243; top_padding=&#8221;2&#8243; bottom_padding=&#8221;3&#8243; overlay_alpha=&#8221;50&#8243; gutter_size=&#8221;3&#8243; column_width_percent=&#8221;100&#8243; shift_y=&#8221;0&#8243; z_index=&#8221;0&#8243; bottom_divider=&#8221;step&#8221; content_parallax=&#8221;0&#8243; animation_bottom_space=&#8221;0&#8243; uncode_shortcode_id=&#8221;150630&#8243;][vc_column column_width_percent=&#8221;100&#8243; position_vertical=&#8221;middle&#8221; align_horizontal=&#8221;align_center&#8221; gutter_size=&#8221;6&#8243; style=&#8221;light&#8221; overlay_alpha=&#8221;50&#8243; shift_x=&#8221;0&#8243; shift_y=&#8221;0&#8243; shift_y_down=&#8221;0&#8243; z_index=&#8221;0&#8243; medium_width=&#8221;0&#8243; mobile_width=&#8221;0&#8243; css_animation=&#8221;bottom-t-top&#8221; animation_speed=&#8221;1200&#8243; animation_delay=&#8221;400&#8243; width=&#8221;1\/1&#8243; uncode_shortcode_id=&#8221;106077&#8243;][vc_row_inner row_inner_height_percent=&#8221;0&#8243; overlay_alpha=&#8221;50&#8243; gutter_size=&#8221;4&#8243; shift_y=&#8221;0&#8243; z_index=&#8221;1&#8243; uncode_shortcode_id=&#8221;782939&#8243; limit_content=&#8221;&#8221;][vc_column_inner column_width_percent=&#8221;100&#8243; position_vertical=&#8221;middle&#8221; align_horizontal=&#8221;align_center&#8221; gutter_size=&#8221;3&#8243; style=&#8221;light&#8221; overlay_alpha=&#8221;50&#8243; shift_x=&#8221;0&#8243; shift_y=&#8221;0&#8243; shift_y_down=&#8221;0&#8243; z_index=&#8221;0&#8243; medium_width=&#8221;0&#8243; mobile_width=&#8221;0&#8243; width=&#8221;1\/2&#8243; uncode_shortcode_id=&#8221;655758&#8243;][vc_custom_heading heading_semantic=&#8221;h1&#8243; text_font=&#8221;font-144306&#8243; text_size=&#8221;bigtext&#8221; text_weight=&#8221;400&#8243; text_height=&#8221;fontheight-161249&#8243; text_italic=&#8221;yes&#8221; uncode_shortcode_id=&#8221;137008&#8243;]Masterointi[\/vc_custom_heading][\/vc_column_inner][vc_column_inner width=&#8221;1\/2&#8243;][vc_custom_heading heading_semantic=&#8221;p&#8221; text_size=&#8221;h5&#8243; subheading=&#8221;Selke\u00e4 ja avoin kommunikaatio on olennainen osa prosessia.<\/p>\n<p>Masteroinnissa yhdist\u00e4n analogisen ja digitaalisen maailman parhaat puolet. Vuosien varrella valikoituneet korkealaatuiset analogiset EQ:t, kompressorit, putkilaitteet, saturaatioyksik\u00f6t ja huippuluokan muuntajat mahdollistavat oikean s\u00e4vyn l\u00f6yt\u00e4misen tarkkan\u00e4k\u00f6isesti eri genrejen vaatimusten mukaan.<\/p>\n<p>Tarjoan masterointipalveluita sek\u00e4 yksitt\u00e4isille kappaleille ett\u00e4 albumeille, niin digitaaliseen jakeluun kuin fyysisiin formaatteihin. Teen my\u00f6s vinyylimastereita, joka formaattina on erityisen l\u00e4hell\u00e4 syd\u00e4nt\u00e4ni.&#8221; uncode_shortcode_id=&#8221;138336&#8243; text_color_type=&#8221;uncode-palette&#8221; text_color_solid=&#8221;#ff0000&#8243;]Alkuper\u00e4isen vision kirkastaminen vai paluu miksaukseen?[\/vc_custom_heading][\/vc_column_inner][\/vc_row_inner][\/vc_column][\/vc_row][vc_row row_height_percent=&#8221;50&#8243; override_padding=&#8221;yes&#8221; h_padding=&#8221;2&#8243; top_padding=&#8221;3&#8243; bottom_padding=&#8221;2&#8243; overlay_alpha=&#8221;50&#8243; gutter_size=&#8221;4&#8243; column_width_percent=&#8221;100&#8243; shift_y=&#8221;0&#8243; z_index=&#8221;0&#8243; inverted_device_order=&#8221;yes&#8221; content_parallax=&#8221;0&#8243; uncode_shortcode_id=&#8221;973425&#8243;][vc_column column_width_use_pixel=&#8221;yes&#8221; position_vertical=&#8221;middle&#8221; gutter_size=&#8221;3&#8243; style=&#8221;light&#8221; overlay_alpha=&#8221;50&#8243; shift_x=&#8221;0&#8243; shift_y=&#8221;0&#8243; shift_y_down=&#8221;0&#8243; z_index=&#8221;0&#8243; medium_width=&#8221;0&#8243; mobile_width=&#8221;0&#8243; width=&#8221;1\/2&#8243; column_width_pixel=&#8221;900&#8243; uncode_shortcode_id=&#8221;104448&#8243;][vc_custom_heading text_font=&#8221;font-144306&#8243; text_size=&#8221;fontsize-155944&#8243; text_weight=&#8221;400&#8243; text_italic=&#8221;yes&#8221; subheading=&#8221;Single Masterointi 65\u20ac<br \/>\n2+ kappaletta 55\u20ac<br \/>\n2 raidan *Stem masterointi +10\u20ac<br \/>\n4 raidan *Stem masterointi +30\u20ac<br \/>\nHintaan sis\u00e4ltyy DIGI, CD (ddp) -masterit.<br \/>\nVinyylimasteri +80\u20ac (tilattuna digimasterin lis\u00e4ksi)&#8221; uncode_shortcode_id=&#8221;114328&#8243; text_color_type=&#8221;uncode-palette&#8221; text_color_solid=&#8221;#ff0000&#8243;]Hinnasto (alv 0%)[\/vc_custom_heading][vc_separator sep_color=&#8221;color-jevc&#8221; uncode_shortcode_id=&#8221;192685&#8243; sep_color_type=&#8221;uncode-palette&#8221;][vc_custom_heading text_color=&#8221;accent&#8221; heading_semantic=&#8221;h3&#8243; text_font=&#8221;font-161747&#8243; text_size=&#8221;h4&#8243; sub_lead=&#8221;small&#8221; uncode_shortcode_id=&#8221;299410&#8243; text_color_type=&#8221;uncode-palette&#8221; subheading=&#8221;Jos miksaus kuulostaa jo melko hyv\u00e4lt\u00e4, mutta jokin siin\u00e4 ei toimi toimi \u2013 stem-masterointi voi olla t\u00e4h\u00e4n oiva ratkaisu. Yhden stereoraidan sijaan masteroidaan erikseen esimerkiksi erilliset rummut, basso, harmoniat ja laulu. Yleisin tapa stem-masteroida on 2 raidan instrumentaali+vokaalit. T\u00e4llainen l\u00e4hestymistapa mahdollistaa tarkemmin hallitun lopputuloksen erityisesti silloin, kun pitk\u00e4n ty\u00f6skentelyn seurauksena korvat ovat turtuneet, eik\u00e4 kokonaisuutta en\u00e4\u00e4 hahmota objektiivisesti.&#8221;]*STEM-MASTEROINTI[\/vc_custom_heading][\/vc_column][vc_column column_width_percent=&#8221;100&#8243; gutter_size=&#8221;3&#8243; overlay_alpha=&#8221;50&#8243; shift_x=&#8221;0&#8243; shift_y=&#8221;0&#8243; shift_y_down=&#8221;0&#8243; z_index=&#8221;0&#8243; medium_width=&#8221;0&#8243; mobile_width=&#8221;0&#8243; sticky=&#8221;yes&#8221; width=&#8221;1\/2&#8243; uncode_shortcode_id=&#8221;113609&#8243;][vc_single_image media=&#8221;166491&#8243; media_width_percent=&#8221;100&#8243; media_ratio=&#8221;one-one&#8221; shape=&#8221;img-round&#8221; radius=&#8221;xl&#8221; advanced_videos=&#8221;yes&#8221; mobile_videos=&#8221;autoplay&#8221; uncode_shortcode_id=&#8221;490841&#8243;][\/vc_column][\/vc_row][vc_section back_color=&#8221;color-xsdn&#8221; overlay_alpha=&#8221;50&#8243; content_parallax=&#8221;5&#8243; uncode_shortcode_id=&#8221;116935&#8243; back_color_type=&#8221;uncode-palette&#8221;][vc_row unlock_row_content=&#8221;yes&#8221; row_height_percent=&#8221;0&#8243; override_padding=&#8221;yes&#8221; h_padding=&#8221;3&#8243; top_padding=&#8221;2&#8243; bottom_padding=&#8221;0&#8243; overlay_alpha=&#8221;50&#8243; gutter_size=&#8221;3&#8243; column_width_percent=&#8221;100&#8243; shift_y=&#8221;0&#8243; z_index=&#8221;0&#8243; css_animation=&#8221;scroll-trigger&#8221; animate_el=&#8221;content&#8221; animation_scale_val=&#8221;100&#8243; animation_opacity=&#8221;0&#8243; animation_x=&#8221;0&#8243; animation_y=&#8221;0&#8243; animation_blur=&#8221;0&#8243; animation_rotate=&#8221;0&#8243; animation_perspective=&#8221;0&#8243; animation_offset_top=&#8221;100&#8243; animation_offset_bottom=&#8221;0&#8243; animation_safe=&#8221;yes&#8221; disable_mobile=&#8221;yes&#8221; disable_tablet=&#8221;yes&#8221; content_parallax=&#8221;0&#8243; uncode_shortcode_id=&#8221;188539&#8243; css=&#8221;.vc_custom_1739292798118{padding-bottom: 9px !important;}&#8221;][vc_column column_width_percent=&#8221;100&#8243; position_vertical=&#8221;bottom&#8221; gutter_size=&#8221;4&#8243; style=&#8221;light&#8221; overlay_alpha=&#8221;50&#8243; shift_x=&#8221;0&#8243; shift_y=&#8221;0&#8243; shift_y_down=&#8221;0&#8243; z_index=&#8221;0&#8243; medium_width=&#8221;0&#8243; mobile_width=&#8221;0&#8243; width=&#8221;1\/1&#8243; uncode_shortcode_id=&#8221;108348&#8243; el_class=&#8221;skin-links&#8221;][vc_separator sep_color=&#8221;color-prif&#8221; uncode_shortcode_id=&#8221;211680&#8243; sep_color_type=&#8221;uncode-palette&#8221;][vc_row_inner row_inner_height_percent=&#8221;0&#8243; overlay_alpha=&#8221;50&#8243; gutter_size=&#8221;6&#8243; shift_y=&#8221;0&#8243; z_index=&#8221;0&#8243; limit_content=&#8221;&#8221; uncode_shortcode_id=&#8221;881333&#8243;][vc_column_inner column_width_percent=&#8221;100&#8243; position_vertical=&#8221;middle&#8221; gutter_size=&#8221;3&#8243; style=&#8221;light&#8221; overlay_alpha=&#8221;50&#8243; shift_x=&#8221;0&#8243; shift_y=&#8221;0&#8243; shift_y_down=&#8221;0&#8243; z_index=&#8221;0&#8243; align_medium=&#8221;align_center_tablet&#8221; medium_width=&#8221;7&#8243; align_mobile=&#8221;align_center_mobile&#8221; mobile_width=&#8221;7&#8243; width=&#8221;3\/12&#8243; uncode_shortcode_id=&#8221;141281&#8243;][vc_button size=&#8221;link&#8221; btn_link_size=&#8221;h2&#8243; btn_link_underline=&#8221;btn-underline-in&#8221; custom_typo=&#8221;yes&#8221; font_family=&#8221;font-144306&#8243; font_weight=&#8221;400&#8243; italic=&#8221;yes&#8221; uncode_shortcode_id=&#8221;422420&#8243; link=&#8221;url:mailto%3Atotte.rautiainen%40gmail.com&#8221;]totte.rautiainen@gmail.com[\/vc_button][\/vc_column_inner][vc_column_inner column_width_percent=&#8221;100&#8243; position_vertical=&#8221;middle&#8221; align_horizontal=&#8221;align_right&#8221; gutter_size=&#8221;3&#8243; style=&#8221;light&#8221; overlay_alpha=&#8221;50&#8243; shift_x=&#8221;0&#8243; shift_y=&#8221;0&#8243; shift_y_down=&#8221;0&#8243; z_index=&#8221;0&#8243; medium_width=&#8221;4&#8243; align_mobile=&#8221;align_center_mobile&#8221; mobile_width=&#8221;0&#8243; width=&#8221;6\/12&#8243; uncode_shortcode_id=&#8221;213111&#8243;][vc_custom_heading heading_semantic=&#8221;p&#8221; text_font=&#8221;font-144306&#8243; text_weight=&#8221;400&#8243; text_height=&#8221;fontheight-357766&#8243; text_italic=&#8221;yes&#8221; uncode_shortcode_id=&#8221;110849&#8243;]+358 503 792 179 \/ VAT: FI22433894[\/vc_custom_heading][\/vc_column_inner][vc_column_inner column_width_percent=&#8221;100&#8243; position_vertical=&#8221;middle&#8221; align_horizontal=&#8221;align_right&#8221; gutter_size=&#8221;3&#8243; style=&#8221;light&#8221; overlay_alpha=&#8221;50&#8243; shift_x=&#8221;0&#8243; shift_y=&#8221;0&#8243; shift_y_down=&#8221;0&#8243; z_index=&#8221;0&#8243; medium_width=&#8221;4&#8243; align_mobile=&#8221;align_center_mobile&#8221; mobile_width=&#8221;0&#8243; width=&#8221;3\/12&#8243; uncode_shortcode_id=&#8221;957454&#8243;][vc_button size=&#8221;link&#8221; btn_link_size=&#8221;h2&#8243; btn_link_underline=&#8221;btn-underline-in&#8221; custom_typo=&#8221;yes&#8221; font_family=&#8221;font-144306&#8243; font_weight=&#8221;400&#8243; italic=&#8221;yes&#8221; uncode_shortcode_id=&#8221;147661&#8243; link=&#8221;url:https%3A%2F%2Fwww.instagram.com%2Ftottemastering|target:_blank&#8221;]Instagram[\/vc_button][\/vc_column_inner][\/vc_row_inner][vc_empty_space empty_h=&#8221;3&#8243; desktop_visibility=&#8221;yes&#8221;][vc_custom_heading heading_semantic=&#8221;h6&#8243; text_font=&#8221;font-144306&#8243; text_size=&#8221;bigtext&#8221; text_weight=&#8221;500&#8243; text_height=&#8221;fontheight-161249&#8243; text_italic=&#8221;yes&#8221; uncode_shortcode_id=&#8221;220393&#8243;]Ota yhteytt\u00e4[\/vc_custom_heading][vc_empty_space empty_h=&#8221;2&#8243;][\/vc_column][\/vc_row][\/vc_section]<\/p>\n<\/div>","protected":false},"excerpt":{"rendered":"<p>[vc_row unlock_row_content=&#8221;yes&#8221; row_height_percent=&#8221;100&#8243; override_padding=&#8221;yes&#8221; h_padding=&#8221;3&#8243; top_padding=&#8221;2&#8243; bottom_padding=&#8221;0&#8243; overlay_alpha=&#8221;50&#8243; gutter_size=&#8221;3&#8243; column_width_percent=&#8221;100&#8243; shift_y=&#8221;0&#8243; z_index=&#8221;0&#8243; bottom_divider=&#8221;step&#8221; content_parallax=&#8221;0&#8243; animation_bottom_space=&#8221;0&#8243; uncode_shortcode_id=&#8221;203345&#8243;][vc_column column_width_percent=&#8221;100&#8243; position_vertical=&#8221;middle&#8221; align_horizontal=&#8221;align_center&#8221; gutter_size=&#8221;6&#8243; [&hellip;]<\/p>\n","protected":false},"author":1,"featured_media":113233,"parent":0,"menu_order":0,"comment_status":"closed","ping_status":"closed","template":"","meta":{"footnotes":""},"class_list":["post-166403","page","type-page","status-publish","has-post-thumbnail","hentry"],"_links":{"self":[{"href":"https:\/\/dirtywebsite.fi\/totte\/wp-json\/wp\/v2\/pages\/166403","targetHints":{"allow":["GET"]}}],"collection":[{"href":"https:\/\/dirtywebsite.fi\/totte\/wp-json\/wp\/v2\/pages"}],"about":[{"href":"https:\/\/dirtywebsite.fi\/totte\/wp-json\/wp\/v2\/types\/page"}],"author":[{"embeddable":true,"href":"https:\/\/dirtywebsite.fi\/totte\/wp-json\/wp\/v2\/users\/1"}],"replies":[{"embeddable":true,"href":"https:\/\/dirtywebsite.fi\/totte\/wp-json\/wp\/v2\/comments?post=166403"}],"version-history":[{"count":26,"href":"https:\/\/dirtywebsite.fi\/totte\/wp-json\/wp\/v2\/pages\/166403\/revisions"}],"predecessor-version":[{"id":166529,"href":"https:\/\/dirtywebsite.fi\/totte\/wp-json\/wp\/v2\/pages\/166403\/revisions\/166529"}],"wp:featuredmedia":[{"embeddable":true,"href":"https:\/\/dirtywebsite.fi\/totte\/wp-json\/wp\/v2\/media\/113233"}],"wp:attachment":[{"href":"https:\/\/dirtywebsite.fi\/totte\/wp-json\/wp\/v2\/media?parent=166403"}],"curies":[{"name":"wp","href":"https:\/\/api.w.org\/{rel}","templated":true}]}}