{"id":156069,"date":"2025-04-25T14:44:26","date_gmt":"2025-04-25T11:44:26","guid":{"rendered":"https:\/\/dirtywebsite.fi\/satomestarit\/?post_type=product&#038;p=156069"},"modified":"2025-04-25T14:53:21","modified_gmt":"2025-04-25T11:53:21","slug":"chilihapankaali","status":"publish","type":"product","link":"https:\/\/dirtywebsite.fi\/satomestarit\/tuote\/chilihapankaali","title":{"rendered":"Chilihapankaali"},"content":{"rendered":"<p>Perinteinen hapankaali pienell\u00e4 potkulla. Luonnollisesti fermentoitu luomukaali kohtaa chilin lempe\u00e4n l\u00e4mm\u00f6n \u2013 ei polta liikaa, mutta ei j\u00e4\u00e4 taustallekaan. Rehellinen, rosoinen ja juuri sopivasti tulinen.<\/p>\n<p><strong>Pakkaus: 400g &amp; 900g<\/strong><\/p>\n","protected":false},"excerpt":{"rendered":"<p>Perinteinen hapankaali pienell\u00e4 potkulla. Luonnollisesti fermentoitu luomukaali kohtaa chilin lempe\u00e4n l\u00e4mm\u00f6n \u2013 ei polta liikaa, mutta ei j\u00e4\u00e4 taustallekaan. Rehellinen, [&hellip;]<\/p>\n","protected":false},"featured_media":156045,"comment_status":"open","ping_status":"closed","template":"","meta":[],"product_brand":[],"product_cat":[24],"product_tag":[],"class_list":{"0":"post-156069","1":"product","2":"type-product","3":"status-publish","4":"has-post-thumbnail","6":"product_cat-hapantuotteet","8":"first","9":"instock","10":"shipping-taxable","11":"product-type-simple"},"_links":{"self":[{"href":"https:\/\/dirtywebsite.fi\/satomestarit\/wp-json\/wp\/v2\/product\/156069","targetHints":{"allow":["GET"]}}],"collection":[{"href":"https:\/\/dirtywebsite.fi\/satomestarit\/wp-json\/wp\/v2\/product"}],"about":[{"href":"https:\/\/dirtywebsite.fi\/satomestarit\/wp-json\/wp\/v2\/types\/product"}],"replies":[{"embeddable":true,"href":"https:\/\/dirtywebsite.fi\/satomestarit\/wp-json\/wp\/v2\/comments?post=156069"}],"wp:featuredmedia":[{"embeddable":true,"href":"https:\/\/dirtywebsite.fi\/satomestarit\/wp-json\/wp\/v2\/media\/156045"}],"wp:attachment":[{"href":"https:\/\/dirtywebsite.fi\/satomestarit\/wp-json\/wp\/v2\/media?parent=156069"}],"wp:term":[{"taxonomy":"product_brand","embeddable":true,"href":"https:\/\/dirtywebsite.fi\/satomestarit\/wp-json\/wp\/v2\/product_brand?post=156069"},{"taxonomy":"product_cat","embeddable":true,"href":"https:\/\/dirtywebsite.fi\/satomestarit\/wp-json\/wp\/v2\/product_cat?post=156069"},{"taxonomy":"product_tag","embeddable":true,"href":"https:\/\/dirtywebsite.fi\/satomestarit\/wp-json\/wp\/v2\/product_tag?post=156069"}],"curies":[{"name":"wp","href":"https:\/\/api.w.org\/{rel}","templated":true}]}}