{"id":156026,"date":"2025-04-03T15:12:29","date_gmt":"2025-04-03T12:12:29","guid":{"rendered":"https:\/\/dirtywebsite.fi\/satomestarit\/?post_type=product&#038;p=156026"},"modified":"2025-04-03T15:12:53","modified_gmt":"2025-04-03T12:12:53","slug":"kimchi-luomu","status":"publish","type":"product","link":"https:\/\/dirtywebsite.fi\/satomestarit\/tuote\/kimchi-luomu","title":{"rendered":"Kimchi (Luomu)"},"content":{"rendered":"<p>Haluatko her\u00e4tt\u00e4\u00e4 makunystyr\u00e4si ja samalla tehd\u00e4 hyv\u00e4\u00e4 kehollesi? Satomestareiden luomu-kimchi tuo ruokap\u00f6yt\u00e4\u00e4si etel\u00e4korealaisen keitti\u00f6n t\u00e4ytel\u00e4iset maut ja suomalaisten raaka-aineiden laadun. T\u00e4m\u00e4 tulinen ja aromikas herkku yhdist\u00e4\u00e4 fermentoidut vihannekset, kuten kiinankaalin ja porkkanan, inkiv\u00e4\u00e4rin, valkosipulin ja chilin hienovaraiseen, mutta sopivasti kipakkaan liittoon. Kimchi on probioottinen superruoka, joka hellii suolistosi hyvinvointia samalla, kun se nostaa ateriasi uudelle tasolle. Nauti sellaisenaan, lisukkeena, osana wokkeja tai vaikka t\u00e4ytettyjen leipien t\u00e4ytteen\u00e4 \u2013 kimchi tuo makua, v\u00e4ri\u00e4 ja terveytt\u00e4 jokaiseen suupalaan!<\/p>\n<p><strong>Pakkaus: 400g &amp; 900g<\/strong><\/p>\n","protected":false},"excerpt":{"rendered":"<p>Haluatko her\u00e4tt\u00e4\u00e4 makunystyr\u00e4si ja samalla tehd\u00e4 hyv\u00e4\u00e4 kehollesi? Satomestareiden luomu-kimchi tuo ruokap\u00f6yt\u00e4\u00e4si etel\u00e4korealaisen keitti\u00f6n t\u00e4ytel\u00e4iset maut ja suomalaisten raaka-aineiden laadun. [&hellip;]<\/p>\n","protected":false},"featured_media":154177,"comment_status":"open","ping_status":"closed","template":"","meta":[],"product_brand":[],"product_cat":[24],"product_tag":[],"class_list":{"0":"post-156026","1":"product","2":"type-product","3":"status-publish","4":"has-post-thumbnail","6":"product_cat-hapantuotteet","8":"first","9":"instock","10":"shipping-taxable","11":"product-type-simple"},"_links":{"self":[{"href":"https:\/\/dirtywebsite.fi\/satomestarit\/wp-json\/wp\/v2\/product\/156026","targetHints":{"allow":["GET"]}}],"collection":[{"href":"https:\/\/dirtywebsite.fi\/satomestarit\/wp-json\/wp\/v2\/product"}],"about":[{"href":"https:\/\/dirtywebsite.fi\/satomestarit\/wp-json\/wp\/v2\/types\/product"}],"replies":[{"embeddable":true,"href":"https:\/\/dirtywebsite.fi\/satomestarit\/wp-json\/wp\/v2\/comments?post=156026"}],"wp:featuredmedia":[{"embeddable":true,"href":"https:\/\/dirtywebsite.fi\/satomestarit\/wp-json\/wp\/v2\/media\/154177"}],"wp:attachment":[{"href":"https:\/\/dirtywebsite.fi\/satomestarit\/wp-json\/wp\/v2\/media?parent=156026"}],"wp:term":[{"taxonomy":"product_brand","embeddable":true,"href":"https:\/\/dirtywebsite.fi\/satomestarit\/wp-json\/wp\/v2\/product_brand?post=156026"},{"taxonomy":"product_cat","embeddable":true,"href":"https:\/\/dirtywebsite.fi\/satomestarit\/wp-json\/wp\/v2\/product_cat?post=156026"},{"taxonomy":"product_tag","embeddable":true,"href":"https:\/\/dirtywebsite.fi\/satomestarit\/wp-json\/wp\/v2\/product_tag?post=156026"}],"curies":[{"name":"wp","href":"https:\/\/api.w.org\/{rel}","templated":true}]}}