{"id":113239,"date":"2025-03-24T10:33:59","date_gmt":"2025-03-24T10:33:59","guid":{"rendered":"https:\/\/dirtywebsite.fi\/satomestarit\/?post_type=product&#038;p=113239"},"modified":"2025-04-25T12:28:13","modified_gmt":"2025-04-25T09:28:13","slug":"hapankaali","status":"publish","type":"product","link":"https:\/\/dirtywebsite.fi\/satomestarit\/tuote\/hapankaali","title":{"rendered":"Perinteinen hapankaali"},"content":{"rendered":"<p>Etsitk\u00f6 terveellist\u00e4 ja maukasta lis\u00e4yst\u00e4 ruokap\u00f6yt\u00e4\u00e4si? Satomestareiden Hapankaali on t\u00e4ydellinen valinta! T\u00e4m\u00e4 luonnollisesti fermentoitu herkku on t\u00e4ynn\u00e4 probiootteja, kuitua ja vitamiineja, jotka tukevat hyvinvointiasi. Lis\u00e4\u00e4 sit\u00e4 salaatteihin, voileiville tai vaikka l\u00e4mpimiin ruokiin \u2013 hapankaali tuo raikasta makua ja ravintoa jokaiseen annokseen. Tilaa nyt ja tee arjen aterioista sek\u00e4 herkullisempia ett\u00e4 terveellisempi\u00e4.<\/p>\n<p><strong>Pakkaus: 400g &amp; 900g<\/strong><\/p>\n","protected":false},"excerpt":{"rendered":"<p>Etsitk\u00f6 terveellist\u00e4 ja maukasta lis\u00e4yst\u00e4 ruokap\u00f6yt\u00e4\u00e4si? Satomestareiden Hapankaali on t\u00e4ydellinen valinta! T\u00e4m\u00e4 luonnollisesti fermentoitu herkku on t\u00e4ynn\u00e4 probiootteja, kuitua ja [&hellip;]<\/p>\n","protected":false},"featured_media":156045,"comment_status":"open","ping_status":"closed","template":"","meta":[],"product_brand":[],"product_cat":[24],"product_tag":[],"class_list":{"0":"post-113239","1":"product","2":"type-product","3":"status-publish","4":"has-post-thumbnail","6":"product_cat-hapantuotteet","8":"first","9":"instock","10":"shipping-taxable","11":"product-type-simple"},"_links":{"self":[{"href":"https:\/\/dirtywebsite.fi\/satomestarit\/wp-json\/wp\/v2\/product\/113239","targetHints":{"allow":["GET"]}}],"collection":[{"href":"https:\/\/dirtywebsite.fi\/satomestarit\/wp-json\/wp\/v2\/product"}],"about":[{"href":"https:\/\/dirtywebsite.fi\/satomestarit\/wp-json\/wp\/v2\/types\/product"}],"replies":[{"embeddable":true,"href":"https:\/\/dirtywebsite.fi\/satomestarit\/wp-json\/wp\/v2\/comments?post=113239"}],"wp:featuredmedia":[{"embeddable":true,"href":"https:\/\/dirtywebsite.fi\/satomestarit\/wp-json\/wp\/v2\/media\/156045"}],"wp:attachment":[{"href":"https:\/\/dirtywebsite.fi\/satomestarit\/wp-json\/wp\/v2\/media?parent=113239"}],"wp:term":[{"taxonomy":"product_brand","embeddable":true,"href":"https:\/\/dirtywebsite.fi\/satomestarit\/wp-json\/wp\/v2\/product_brand?post=113239"},{"taxonomy":"product_cat","embeddable":true,"href":"https:\/\/dirtywebsite.fi\/satomestarit\/wp-json\/wp\/v2\/product_cat?post=113239"},{"taxonomy":"product_tag","embeddable":true,"href":"https:\/\/dirtywebsite.fi\/satomestarit\/wp-json\/wp\/v2\/product_tag?post=113239"}],"curies":[{"name":"wp","href":"https:\/\/api.w.org\/{rel}","templated":true}]}}